{"id":119,"date":"2025-01-13T14:34:02","date_gmt":"2025-01-13T13:34:02","guid":{"rendered":"http:\/\/www.enw-ltd.net\/?page_id=119"},"modified":"2025-02-10T16:46:17","modified_gmt":"2025-02-10T15:46:17","slug":"rigenerazione-cartucce","status":"publish","type":"page","link":"https:\/\/www.enw-ltd.net\/index.php\/rigenerazione-cartucce\/","title":{"rendered":"Rigenerazione Nastri e Cartucce"},"content":{"rendered":"\n<figure class=\"wp-block-image size-full\"><img loading=\"lazy\" decoding=\"async\" width=\"135\" height=\"100\" src=\"https:\/\/www.enw-ltd.net\/wp-content\/uploads\/2025\/01\/cart.png\" alt=\"\" class=\"wp-image-721\"\/><\/figure>\n\n\n\n<p>Siamo lieti di informarvi che, finalmente anche in Italia abbiamo aperto i centri per la rigenerazione di nastri in nylon e cartucce per stampanti e macchine da scrivere di qualsiasi tipo (Aghi, Inkjet, Laser).<br>Questo&nbsp;<strong>servizio<\/strong>, gi\u00e0 operante in altri Paesi d&#8217;Europa e negli Stati Uniti, consiste nel&nbsp;<strong>ritiro dei nastri usati<\/strong>&nbsp;(quelli che butteresti via) e&nbsp;<strong>riconsegna<\/strong>&nbsp;degli stessi, sigillati e rigenerati ad un costo inferiore alla met\u00e0 del prezzo di acquisto.<br><br><strong>Sono tre i motivi fondamentali per scegliere questo servizi<\/strong>o<\/p>\n\n\n\n<ul class=\"wp-block-list\">\n<li>E&#8217;&nbsp;<strong>ECOLOGICO<\/strong>. Riciclare vuol dire non inquinare: una casetta in plastica con nastro in nylon impiega pi\u00f9 di 300 anni per degradarsi nell&#8217;ambiente, infatti nelle recenti normative CEE, sono classificate come rifiuti speciali.<\/li>\n\n\n\n<li>E&#8217;&nbsp;<strong>ECONOMICO<\/strong>. Un nastro riciclato costa circa la met\u00e0 e dura mediamente 1\/3 in pi\u00f9 di un nastro nuovo, inoltre pu\u00f2 essere reinchiostrato&nbsp;<strong>pi\u00f9 volte<\/strong>; questo significa abbattere i costi del&nbsp;<strong>70%<\/strong>&nbsp;&#8211;&nbsp;<strong>80%<\/strong>, oltre ai costi aggiuntivi per l&#8217;invio degli usati ad un centro per la distribuzione.<\/li>\n\n\n\n<li><strong>LA RESA QUALITATIVA<\/strong>&nbsp;della stampa. Un nastro riciclato&nbsp;<strong>stampa meglio<\/strong>&nbsp;e pi\u00f9 intensamente di un nastro nuovo. Proprio perch\u00e9 l&#8217;inchiostratura \u00e8 recentissima. Ma non \u00e8 tutto! I danni subiti dalle testine delle stampanti sono causati da un eccessivo uso di nastri ormai secchi ed esausti; gli inchiostri da noi utilizzati, importati direttamente dagli U.S.A. riducono questa eventualit\u00e0 poich\u00e9 riportano alle condizioni ottimali l&#8217;umidit\u00e0 del nastro, mantenendo una corretta e continua lubrificazione degli aghi evitando dannosi surriscaldamenti della testina, aumentando cos\u00ec la durata della macchina stessa.<\/li>\n<\/ul>\n\n\n\n<p><br><br>Al fine di rendervi pi\u00f9 chiari e tangibili i vantaggi del nostro servizio, Vi offriamo la possibilit\u00e0 di far rigenerare&nbsp;<strong><u>gratuitamente<\/u><\/strong>&nbsp;una campionatura di nastri per poter verificare quanto Vi abbiamo detto.<\/p>\n\n\n\n<p class=\"has-text-align-center\"><strong>Verifica se il tuo nastro o la tua cartuccia \u00e8 rigenerabile!<\/strong><\/p>\n\n\n\n<p><strong>Per info e preventivi<\/strong>:<\/p>\n\n\n\n<div class=\"wp-block-buttons has-white-background-color has-background is-layout-flex wp-block-buttons-is-layout-flex\">\n<div class=\"wp-block-button\"><a class=\"wp-block-button__link wp-element-button\" href=\"https:\/\/www.enw-ltd.net\/index.php\/contattaci\/\">Contattaci<\/a><\/div>\n<\/div>\n\n\n\n<p><\/p>\n","protected":false},"excerpt":{"rendered":"<p>Siamo lieti di informarvi che, finalmente anche in Italia abbiamo aperto i centri per la rigenerazione di nastri in nylon e cartucce per stampanti e macchine da scrivere di qualsiasi tipo (Aghi, Inkjet, Laser).Questo&nbsp;servizio, gi\u00e0 operante in altri Paesi d&#8217;Europa e negli Stati Uniti, consiste nel&nbsp;ritiro dei nastri usati&nbsp;(quelli che butteresti via) e&nbsp;riconsegna&nbsp;degli stessi, sigillati&hellip; <br \/> <a class=\"read-more\" href=\"https:\/\/www.enw-ltd.net\/index.php\/rigenerazione-cartucce\/\">Leggi tutto<\/a><\/p>\n","protected":false},"author":1,"featured_media":0,"parent":0,"menu_order":0,"comment_status":"closed","ping_status":"closed","template":"","meta":{"ngg_post_thumbnail":0,"footnotes":""},"class_list":["post-119","page","type-page","status-publish","hentry"],"yoast_head":"<!-- This site is optimized with the Yoast SEO plugin v27.0 - https:\/\/yoast.com\/product\/yoast-seo-wordpress\/ -->\n<title>Rigenerazione Nastri e Cartucce - E.N.W. Ltd<\/title>\n<meta name=\"description\" content=\"Centro per la rigenerazione di nastri in nylon e cartucce per stampanti e macchine da scrivere di qualsiasi tipo (Aghi, Inkjet, Laser).\" \/>\n<meta name=\"robots\" content=\"index, follow, max-snippet:-1, max-image-preview:large, max-video-preview:-1\" \/>\n<link rel=\"canonical\" href=\"https:\/\/www.enw-ltd.net\/index.php\/rigenerazione-cartucce\/\" \/>\n<meta property=\"og:locale\" content=\"it_IT\" \/>\n<meta property=\"og:type\" content=\"article\" \/>\n<meta property=\"og:title\" content=\"Rigenerazione Nastri e Cartucce - E.N.W. Ltd\" \/>\n<meta property=\"og:description\" content=\"Centro per la rigenerazione di nastri in nylon e cartucce per stampanti e macchine da scrivere di qualsiasi tipo (Aghi, Inkjet, Laser).\" \/>\n<meta property=\"og:url\" content=\"https:\/\/www.enw-ltd.net\/index.php\/rigenerazione-cartucce\/\" \/>\n<meta property=\"og:site_name\" content=\"E.N.W. Ltd\" \/>\n<meta property=\"article:publisher\" content=\"https:\/\/www.facebook.com\/groups\/126257133631\" \/>\n<meta property=\"article:modified_time\" content=\"2025-02-10T15:46:17+00:00\" \/>\n<meta property=\"og:image\" content=\"https:\/\/www.enw-ltd.net\/wp-content\/uploads\/2025\/01\/cart.png\" \/>\n<meta name=\"twitter:card\" content=\"summary_large_image\" \/>\n<meta name=\"twitter:label1\" content=\"Tempo di lettura stimato\" \/>\n\t<meta name=\"twitter:data1\" content=\"2 minuti\" \/>\n<script type=\"application\/ld+json\" class=\"yoast-schema-graph\">{\"@context\":\"https:\/\/schema.org\",\"@graph\":[{\"@type\":\"WebPage\",\"@id\":\"https:\/\/www.enw-ltd.net\/index.php\/rigenerazione-cartucce\/\",\"url\":\"https:\/\/www.enw-ltd.net\/index.php\/rigenerazione-cartucce\/\",\"name\":\"Rigenerazione Nastri e Cartucce - E.N.W. Ltd\",\"isPartOf\":{\"@id\":\"https:\/\/www.enw-ltd.net\/#website\"},\"primaryImageOfPage\":{\"@id\":\"https:\/\/www.enw-ltd.net\/index.php\/rigenerazione-cartucce\/#primaryimage\"},\"image\":{\"@id\":\"https:\/\/www.enw-ltd.net\/index.php\/rigenerazione-cartucce\/#primaryimage\"},\"thumbnailUrl\":\"https:\/\/www.enw-ltd.net\/wp-content\/uploads\/2025\/01\/cart.png\",\"datePublished\":\"2025-01-13T13:34:02+00:00\",\"dateModified\":\"2025-02-10T15:46:17+00:00\",\"description\":\"Centro per la rigenerazione di nastri in nylon e cartucce per stampanti e macchine da scrivere di qualsiasi tipo (Aghi, Inkjet, Laser).\",\"breadcrumb\":{\"@id\":\"https:\/\/www.enw-ltd.net\/index.php\/rigenerazione-cartucce\/#breadcrumb\"},\"inLanguage\":\"it-IT\",\"potentialAction\":[{\"@type\":\"ReadAction\",\"target\":[\"https:\/\/www.enw-ltd.net\/index.php\/rigenerazione-cartucce\/\"]}]},{\"@type\":\"ImageObject\",\"inLanguage\":\"it-IT\",\"@id\":\"https:\/\/www.enw-ltd.net\/index.php\/rigenerazione-cartucce\/#primaryimage\",\"url\":\"https:\/\/www.enw-ltd.net\/wp-content\/uploads\/2025\/01\/cart.png\",\"contentUrl\":\"https:\/\/www.enw-ltd.net\/wp-content\/uploads\/2025\/01\/cart.png\",\"width\":135,\"height\":100},{\"@type\":\"BreadcrumbList\",\"@id\":\"https:\/\/www.enw-ltd.net\/index.php\/rigenerazione-cartucce\/#breadcrumb\",\"itemListElement\":[{\"@type\":\"ListItem\",\"position\":1,\"name\":\"Home\",\"item\":\"https:\/\/www.enw-ltd.net\/\"},{\"@type\":\"ListItem\",\"position\":2,\"name\":\"Rigenerazione Nastri e Cartucce\"}]},{\"@type\":\"WebSite\",\"@id\":\"https:\/\/www.enw-ltd.net\/#website\",\"url\":\"https:\/\/www.enw-ltd.net\/\",\"name\":\"www.enw-ltd.net\",\"description\":\"Aspire, Build, Achieve\",\"publisher\":{\"@id\":\"https:\/\/www.enw-ltd.net\/#organization\"},\"potentialAction\":[{\"@type\":\"SearchAction\",\"target\":{\"@type\":\"EntryPoint\",\"urlTemplate\":\"https:\/\/www.enw-ltd.net\/?s={search_term_string}\"},\"query-input\":{\"@type\":\"PropertyValueSpecification\",\"valueRequired\":true,\"valueName\":\"search_term_string\"}}],\"inLanguage\":\"it-IT\"},{\"@type\":\"Organization\",\"@id\":\"https:\/\/www.enw-ltd.net\/#organization\",\"name\":\"E.N.W. Ltd\",\"url\":\"https:\/\/www.enw-ltd.net\/\",\"logo\":{\"@type\":\"ImageObject\",\"inLanguage\":\"it-IT\",\"@id\":\"https:\/\/www.enw-ltd.net\/#\/schema\/logo\/image\/\",\"url\":\"https:\/\/www.enw-ltd.net\/wp-content\/uploads\/2025\/01\/logo-ENW-bianco.png\",\"contentUrl\":\"https:\/\/www.enw-ltd.net\/wp-content\/uploads\/2025\/01\/logo-ENW-bianco.png\",\"width\":992,\"height\":974,\"caption\":\"E.N.W. Ltd\"},\"image\":{\"@id\":\"https:\/\/www.enw-ltd.net\/#\/schema\/logo\/image\/\"},\"sameAs\":[\"https:\/\/www.facebook.com\/groups\/126257133631\"]}]}<\/script>\n<!-- \/ Yoast SEO plugin. -->","yoast_head_json":{"title":"Rigenerazione Nastri e Cartucce - E.N.W. Ltd","description":"Centro per la rigenerazione di nastri in nylon e cartucce per stampanti e macchine da scrivere di qualsiasi tipo (Aghi, Inkjet, Laser).","robots":{"index":"index","follow":"follow","max-snippet":"max-snippet:-1","max-image-preview":"max-image-preview:large","max-video-preview":"max-video-preview:-1"},"canonical":"https:\/\/www.enw-ltd.net\/index.php\/rigenerazione-cartucce\/","og_locale":"it_IT","og_type":"article","og_title":"Rigenerazione Nastri e Cartucce - E.N.W. Ltd","og_description":"Centro per la rigenerazione di nastri in nylon e cartucce per stampanti e macchine da scrivere di qualsiasi tipo (Aghi, Inkjet, Laser).","og_url":"https:\/\/www.enw-ltd.net\/index.php\/rigenerazione-cartucce\/","og_site_name":"E.N.W. Ltd","article_publisher":"https:\/\/www.facebook.com\/groups\/126257133631","article_modified_time":"2025-02-10T15:46:17+00:00","og_image":[{"url":"https:\/\/www.enw-ltd.net\/wp-content\/uploads\/2025\/01\/cart.png","type":"","width":"","height":""}],"twitter_card":"summary_large_image","twitter_misc":{"Tempo di lettura stimato":"2 minuti"},"schema":{"@context":"https:\/\/schema.org","@graph":[{"@type":"WebPage","@id":"https:\/\/www.enw-ltd.net\/index.php\/rigenerazione-cartucce\/","url":"https:\/\/www.enw-ltd.net\/index.php\/rigenerazione-cartucce\/","name":"Rigenerazione Nastri e Cartucce - E.N.W. Ltd","isPartOf":{"@id":"https:\/\/www.enw-ltd.net\/#website"},"primaryImageOfPage":{"@id":"https:\/\/www.enw-ltd.net\/index.php\/rigenerazione-cartucce\/#primaryimage"},"image":{"@id":"https:\/\/www.enw-ltd.net\/index.php\/rigenerazione-cartucce\/#primaryimage"},"thumbnailUrl":"https:\/\/www.enw-ltd.net\/wp-content\/uploads\/2025\/01\/cart.png","datePublished":"2025-01-13T13:34:02+00:00","dateModified":"2025-02-10T15:46:17+00:00","description":"Centro per la rigenerazione di nastri in nylon e cartucce per stampanti e macchine da scrivere di qualsiasi tipo (Aghi, Inkjet, Laser).","breadcrumb":{"@id":"https:\/\/www.enw-ltd.net\/index.php\/rigenerazione-cartucce\/#breadcrumb"},"inLanguage":"it-IT","potentialAction":[{"@type":"ReadAction","target":["https:\/\/www.enw-ltd.net\/index.php\/rigenerazione-cartucce\/"]}]},{"@type":"ImageObject","inLanguage":"it-IT","@id":"https:\/\/www.enw-ltd.net\/index.php\/rigenerazione-cartucce\/#primaryimage","url":"https:\/\/www.enw-ltd.net\/wp-content\/uploads\/2025\/01\/cart.png","contentUrl":"https:\/\/www.enw-ltd.net\/wp-content\/uploads\/2025\/01\/cart.png","width":135,"height":100},{"@type":"BreadcrumbList","@id":"https:\/\/www.enw-ltd.net\/index.php\/rigenerazione-cartucce\/#breadcrumb","itemListElement":[{"@type":"ListItem","position":1,"name":"Home","item":"https:\/\/www.enw-ltd.net\/"},{"@type":"ListItem","position":2,"name":"Rigenerazione Nastri e Cartucce"}]},{"@type":"WebSite","@id":"https:\/\/www.enw-ltd.net\/#website","url":"https:\/\/www.enw-ltd.net\/","name":"www.enw-ltd.net","description":"Aspire, Build, Achieve","publisher":{"@id":"https:\/\/www.enw-ltd.net\/#organization"},"potentialAction":[{"@type":"SearchAction","target":{"@type":"EntryPoint","urlTemplate":"https:\/\/www.enw-ltd.net\/?s={search_term_string}"},"query-input":{"@type":"PropertyValueSpecification","valueRequired":true,"valueName":"search_term_string"}}],"inLanguage":"it-IT"},{"@type":"Organization","@id":"https:\/\/www.enw-ltd.net\/#organization","name":"E.N.W. Ltd","url":"https:\/\/www.enw-ltd.net\/","logo":{"@type":"ImageObject","inLanguage":"it-IT","@id":"https:\/\/www.enw-ltd.net\/#\/schema\/logo\/image\/","url":"https:\/\/www.enw-ltd.net\/wp-content\/uploads\/2025\/01\/logo-ENW-bianco.png","contentUrl":"https:\/\/www.enw-ltd.net\/wp-content\/uploads\/2025\/01\/logo-ENW-bianco.png","width":992,"height":974,"caption":"E.N.W. Ltd"},"image":{"@id":"https:\/\/www.enw-ltd.net\/#\/schema\/logo\/image\/"},"sameAs":["https:\/\/www.facebook.com\/groups\/126257133631"]}]}},"jetpack_sharing_enabled":true,"_links":{"self":[{"href":"https:\/\/www.enw-ltd.net\/index.php\/wp-json\/wp\/v2\/pages\/119","targetHints":{"allow":["GET"]}}],"collection":[{"href":"https:\/\/www.enw-ltd.net\/index.php\/wp-json\/wp\/v2\/pages"}],"about":[{"href":"https:\/\/www.enw-ltd.net\/index.php\/wp-json\/wp\/v2\/types\/page"}],"author":[{"embeddable":true,"href":"https:\/\/www.enw-ltd.net\/index.php\/wp-json\/wp\/v2\/users\/1"}],"replies":[{"embeddable":true,"href":"https:\/\/www.enw-ltd.net\/index.php\/wp-json\/wp\/v2\/comments?post=119"}],"version-history":[{"count":4,"href":"https:\/\/www.enw-ltd.net\/index.php\/wp-json\/wp\/v2\/pages\/119\/revisions"}],"predecessor-version":[{"id":890,"href":"https:\/\/www.enw-ltd.net\/index.php\/wp-json\/wp\/v2\/pages\/119\/revisions\/890"}],"wp:attachment":[{"href":"https:\/\/www.enw-ltd.net\/index.php\/wp-json\/wp\/v2\/media?parent=119"}],"curies":[{"name":"wp","href":"https:\/\/api.w.org\/{rel}","templated":true}]}}