{"id":37,"date":"2025-01-13T14:17:06","date_gmt":"2025-01-13T13:17:06","guid":{"rendered":"http:\/\/www.enw-ltd.net\/?page_id=37"},"modified":"2025-02-10T11:12:09","modified_gmt":"2025-02-10T10:12:09","slug":"accessori-di-rete","status":"publish","type":"page","link":"https:\/\/www.enw-ltd.net\/index.php\/accessori-di-rete\/","title":{"rendered":"Accessori di rete"},"content":{"rendered":"\n<figure class=\"wp-block-image size-full\"><img loading=\"lazy\" decoding=\"async\" width=\"250\" height=\"94\" src=\"https:\/\/www.enw-ltd.net\/wp-content\/uploads\/2025\/01\/accr1.png\" alt=\"\" class=\"wp-image-629\"\/><\/figure>\n\n\n\n<p>Per aumentare le funzionalit\u00e0 della rete non \u00e8 necessario acquistare nuovo hardware. Grazie agli accessori di rete \u00e8 possibile migliorare rapidamente le prestazioni dei dispositivi gi\u00e0 in uso.<br><br><br>Tali accessori possono essere:<em>&nbsp;print server, ricetrasmettitori, adattatori telefonici etc. etc.<\/em><\/p>\n\n\n\n<figure class=\"wp-block-image size-full\"><img loading=\"lazy\" decoding=\"async\" width=\"250\" height=\"150\" src=\"https:\/\/www.enw-ltd.net\/wp-content\/uploads\/2025\/01\/accr2.png\" alt=\"\" class=\"wp-image-630\"\/><\/figure>\n\n\n\n<p>E&#8217; possibile aggiungere connettivit\u00e0 in fibra ottica o Ethernet gigabit a qualsiasi switch che dispone di uno slot SFP di riserva. \u00c8 inoltre possibile aumentare la portata della connettivit\u00e0 degli switch o della rete per ottenere prestazioni superiori Accessori per alimentatori ridondanti che consentono ai dispositivi di rete di rimanere in funzione in caso di guasto hardware o elettrico.<\/p>\n\n\n\n<p><strong>Per info e preventivi:<\/strong><\/p>\n\n\n\n<div class=\"wp-block-buttons has-white-background-color has-background is-layout-flex wp-block-buttons-is-layout-flex\">\n<div class=\"wp-block-button\"><a class=\"wp-block-button__link wp-element-button\" href=\"https:\/\/www.enw-ltd.net\/index.php\/contattaci\/\">Contattaci<\/a><\/div>\n<\/div>\n\n\n\n<p><\/p>\n","protected":false},"excerpt":{"rendered":"<p>Per aumentare le funzionalit\u00e0 della rete non \u00e8 necessario acquistare nuovo hardware. Grazie agli accessori di rete \u00e8 possibile migliorare rapidamente le prestazioni dei dispositivi gi\u00e0 in uso. Tali accessori possono essere:&nbsp;print server, ricetrasmettitori, adattatori telefonici etc. etc. E&#8217; possibile aggiungere connettivit\u00e0 in fibra ottica o Ethernet gigabit a qualsiasi switch che dispone di uno&hellip; <br \/> <a class=\"read-more\" href=\"https:\/\/www.enw-ltd.net\/index.php\/accessori-di-rete\/\">Leggi tutto<\/a><\/p>\n","protected":false},"author":1,"featured_media":0,"parent":0,"menu_order":0,"comment_status":"closed","ping_status":"closed","template":"","meta":{"ngg_post_thumbnail":0,"footnotes":""},"class_list":["post-37","page","type-page","status-publish","hentry"],"yoast_head":"<!-- This site is optimized with the Yoast SEO plugin v27.0 - https:\/\/yoast.com\/product\/yoast-seo-wordpress\/ -->\n<title>Accessori di rete - E.N.W. Ltd<\/title>\n<meta name=\"description\" content=\"Per aumentare le funzionalit\u00e0 della rete non \u00e8 necessario acquistare nuovo hardware. Grazie agli accessori di rete \u00e8 possibile migliorare rapidamente le prestazioni dei dispositivi gi\u00e0 in uso.\" \/>\n<meta name=\"robots\" content=\"index, follow, max-snippet:-1, max-image-preview:large, max-video-preview:-1\" \/>\n<link rel=\"canonical\" href=\"https:\/\/www.enw-ltd.net\/index.php\/accessori-di-rete\/\" \/>\n<meta property=\"og:locale\" content=\"it_IT\" \/>\n<meta property=\"og:type\" content=\"article\" \/>\n<meta property=\"og:title\" content=\"Accessori di rete - E.N.W. Ltd\" \/>\n<meta property=\"og:description\" content=\"Per aumentare le funzionalit\u00e0 della rete non \u00e8 necessario acquistare nuovo hardware. Grazie agli accessori di rete \u00e8 possibile migliorare rapidamente le prestazioni dei dispositivi gi\u00e0 in uso.\" \/>\n<meta property=\"og:url\" content=\"https:\/\/www.enw-ltd.net\/index.php\/accessori-di-rete\/\" \/>\n<meta property=\"og:site_name\" content=\"E.N.W. Ltd\" \/>\n<meta property=\"article:publisher\" content=\"https:\/\/www.facebook.com\/groups\/126257133631\" \/>\n<meta property=\"article:modified_time\" content=\"2025-02-10T10:12:09+00:00\" \/>\n<meta property=\"og:image\" content=\"https:\/\/www.enw-ltd.net\/wp-content\/uploads\/2025\/01\/accr1.png\" \/>\n<meta name=\"twitter:card\" content=\"summary_large_image\" \/>\n<meta name=\"twitter:label1\" content=\"Tempo di lettura stimato\" \/>\n\t<meta name=\"twitter:data1\" content=\"1 minuto\" \/>\n<script type=\"application\/ld+json\" class=\"yoast-schema-graph\">{\"@context\":\"https:\/\/schema.org\",\"@graph\":[{\"@type\":\"WebPage\",\"@id\":\"https:\/\/www.enw-ltd.net\/index.php\/accessori-di-rete\/\",\"url\":\"https:\/\/www.enw-ltd.net\/index.php\/accessori-di-rete\/\",\"name\":\"Accessori di rete - E.N.W. Ltd\",\"isPartOf\":{\"@id\":\"https:\/\/www.enw-ltd.net\/#website\"},\"primaryImageOfPage\":{\"@id\":\"https:\/\/www.enw-ltd.net\/index.php\/accessori-di-rete\/#primaryimage\"},\"image\":{\"@id\":\"https:\/\/www.enw-ltd.net\/index.php\/accessori-di-rete\/#primaryimage\"},\"thumbnailUrl\":\"https:\/\/www.enw-ltd.net\/wp-content\/uploads\/2025\/01\/accr1.png\",\"datePublished\":\"2025-01-13T13:17:06+00:00\",\"dateModified\":\"2025-02-10T10:12:09+00:00\",\"description\":\"Per aumentare le funzionalit\u00e0 della rete non \u00e8 necessario acquistare nuovo hardware. Grazie agli accessori di rete \u00e8 possibile migliorare rapidamente le prestazioni dei dispositivi gi\u00e0 in uso.\",\"breadcrumb\":{\"@id\":\"https:\/\/www.enw-ltd.net\/index.php\/accessori-di-rete\/#breadcrumb\"},\"inLanguage\":\"it-IT\",\"potentialAction\":[{\"@type\":\"ReadAction\",\"target\":[\"https:\/\/www.enw-ltd.net\/index.php\/accessori-di-rete\/\"]}]},{\"@type\":\"ImageObject\",\"inLanguage\":\"it-IT\",\"@id\":\"https:\/\/www.enw-ltd.net\/index.php\/accessori-di-rete\/#primaryimage\",\"url\":\"https:\/\/www.enw-ltd.net\/wp-content\/uploads\/2025\/01\/accr1.png\",\"contentUrl\":\"https:\/\/www.enw-ltd.net\/wp-content\/uploads\/2025\/01\/accr1.png\",\"width\":250,\"height\":94},{\"@type\":\"BreadcrumbList\",\"@id\":\"https:\/\/www.enw-ltd.net\/index.php\/accessori-di-rete\/#breadcrumb\",\"itemListElement\":[{\"@type\":\"ListItem\",\"position\":1,\"name\":\"Home\",\"item\":\"https:\/\/www.enw-ltd.net\/\"},{\"@type\":\"ListItem\",\"position\":2,\"name\":\"Accessori di rete\"}]},{\"@type\":\"WebSite\",\"@id\":\"https:\/\/www.enw-ltd.net\/#website\",\"url\":\"https:\/\/www.enw-ltd.net\/\",\"name\":\"www.enw-ltd.net\",\"description\":\"Aspire, Build, Achieve\",\"publisher\":{\"@id\":\"https:\/\/www.enw-ltd.net\/#organization\"},\"potentialAction\":[{\"@type\":\"SearchAction\",\"target\":{\"@type\":\"EntryPoint\",\"urlTemplate\":\"https:\/\/www.enw-ltd.net\/?s={search_term_string}\"},\"query-input\":{\"@type\":\"PropertyValueSpecification\",\"valueRequired\":true,\"valueName\":\"search_term_string\"}}],\"inLanguage\":\"it-IT\"},{\"@type\":\"Organization\",\"@id\":\"https:\/\/www.enw-ltd.net\/#organization\",\"name\":\"E.N.W. Ltd\",\"url\":\"https:\/\/www.enw-ltd.net\/\",\"logo\":{\"@type\":\"ImageObject\",\"inLanguage\":\"it-IT\",\"@id\":\"https:\/\/www.enw-ltd.net\/#\/schema\/logo\/image\/\",\"url\":\"https:\/\/www.enw-ltd.net\/wp-content\/uploads\/2025\/01\/logo-ENW-bianco.png\",\"contentUrl\":\"https:\/\/www.enw-ltd.net\/wp-content\/uploads\/2025\/01\/logo-ENW-bianco.png\",\"width\":992,\"height\":974,\"caption\":\"E.N.W. Ltd\"},\"image\":{\"@id\":\"https:\/\/www.enw-ltd.net\/#\/schema\/logo\/image\/\"},\"sameAs\":[\"https:\/\/www.facebook.com\/groups\/126257133631\"]}]}<\/script>\n<!-- \/ Yoast SEO plugin. -->","yoast_head_json":{"title":"Accessori di rete - E.N.W. Ltd","description":"Per aumentare le funzionalit\u00e0 della rete non \u00e8 necessario acquistare nuovo hardware. Grazie agli accessori di rete \u00e8 possibile migliorare rapidamente le prestazioni dei dispositivi gi\u00e0 in uso.","robots":{"index":"index","follow":"follow","max-snippet":"max-snippet:-1","max-image-preview":"max-image-preview:large","max-video-preview":"max-video-preview:-1"},"canonical":"https:\/\/www.enw-ltd.net\/index.php\/accessori-di-rete\/","og_locale":"it_IT","og_type":"article","og_title":"Accessori di rete - E.N.W. Ltd","og_description":"Per aumentare le funzionalit\u00e0 della rete non \u00e8 necessario acquistare nuovo hardware. Grazie agli accessori di rete \u00e8 possibile migliorare rapidamente le prestazioni dei dispositivi gi\u00e0 in uso.","og_url":"https:\/\/www.enw-ltd.net\/index.php\/accessori-di-rete\/","og_site_name":"E.N.W. Ltd","article_publisher":"https:\/\/www.facebook.com\/groups\/126257133631","article_modified_time":"2025-02-10T10:12:09+00:00","og_image":[{"url":"https:\/\/www.enw-ltd.net\/wp-content\/uploads\/2025\/01\/accr1.png","type":"","width":"","height":""}],"twitter_card":"summary_large_image","twitter_misc":{"Tempo di lettura stimato":"1 minuto"},"schema":{"@context":"https:\/\/schema.org","@graph":[{"@type":"WebPage","@id":"https:\/\/www.enw-ltd.net\/index.php\/accessori-di-rete\/","url":"https:\/\/www.enw-ltd.net\/index.php\/accessori-di-rete\/","name":"Accessori di rete - E.N.W. Ltd","isPartOf":{"@id":"https:\/\/www.enw-ltd.net\/#website"},"primaryImageOfPage":{"@id":"https:\/\/www.enw-ltd.net\/index.php\/accessori-di-rete\/#primaryimage"},"image":{"@id":"https:\/\/www.enw-ltd.net\/index.php\/accessori-di-rete\/#primaryimage"},"thumbnailUrl":"https:\/\/www.enw-ltd.net\/wp-content\/uploads\/2025\/01\/accr1.png","datePublished":"2025-01-13T13:17:06+00:00","dateModified":"2025-02-10T10:12:09+00:00","description":"Per aumentare le funzionalit\u00e0 della rete non \u00e8 necessario acquistare nuovo hardware. Grazie agli accessori di rete \u00e8 possibile migliorare rapidamente le prestazioni dei dispositivi gi\u00e0 in uso.","breadcrumb":{"@id":"https:\/\/www.enw-ltd.net\/index.php\/accessori-di-rete\/#breadcrumb"},"inLanguage":"it-IT","potentialAction":[{"@type":"ReadAction","target":["https:\/\/www.enw-ltd.net\/index.php\/accessori-di-rete\/"]}]},{"@type":"ImageObject","inLanguage":"it-IT","@id":"https:\/\/www.enw-ltd.net\/index.php\/accessori-di-rete\/#primaryimage","url":"https:\/\/www.enw-ltd.net\/wp-content\/uploads\/2025\/01\/accr1.png","contentUrl":"https:\/\/www.enw-ltd.net\/wp-content\/uploads\/2025\/01\/accr1.png","width":250,"height":94},{"@type":"BreadcrumbList","@id":"https:\/\/www.enw-ltd.net\/index.php\/accessori-di-rete\/#breadcrumb","itemListElement":[{"@type":"ListItem","position":1,"name":"Home","item":"https:\/\/www.enw-ltd.net\/"},{"@type":"ListItem","position":2,"name":"Accessori di rete"}]},{"@type":"WebSite","@id":"https:\/\/www.enw-ltd.net\/#website","url":"https:\/\/www.enw-ltd.net\/","name":"www.enw-ltd.net","description":"Aspire, Build, Achieve","publisher":{"@id":"https:\/\/www.enw-ltd.net\/#organization"},"potentialAction":[{"@type":"SearchAction","target":{"@type":"EntryPoint","urlTemplate":"https:\/\/www.enw-ltd.net\/?s={search_term_string}"},"query-input":{"@type":"PropertyValueSpecification","valueRequired":true,"valueName":"search_term_string"}}],"inLanguage":"it-IT"},{"@type":"Organization","@id":"https:\/\/www.enw-ltd.net\/#organization","name":"E.N.W. Ltd","url":"https:\/\/www.enw-ltd.net\/","logo":{"@type":"ImageObject","inLanguage":"it-IT","@id":"https:\/\/www.enw-ltd.net\/#\/schema\/logo\/image\/","url":"https:\/\/www.enw-ltd.net\/wp-content\/uploads\/2025\/01\/logo-ENW-bianco.png","contentUrl":"https:\/\/www.enw-ltd.net\/wp-content\/uploads\/2025\/01\/logo-ENW-bianco.png","width":992,"height":974,"caption":"E.N.W. Ltd"},"image":{"@id":"https:\/\/www.enw-ltd.net\/#\/schema\/logo\/image\/"},"sameAs":["https:\/\/www.facebook.com\/groups\/126257133631"]}]}},"jetpack_sharing_enabled":true,"_links":{"self":[{"href":"https:\/\/www.enw-ltd.net\/index.php\/wp-json\/wp\/v2\/pages\/37","targetHints":{"allow":["GET"]}}],"collection":[{"href":"https:\/\/www.enw-ltd.net\/index.php\/wp-json\/wp\/v2\/pages"}],"about":[{"href":"https:\/\/www.enw-ltd.net\/index.php\/wp-json\/wp\/v2\/types\/page"}],"author":[{"embeddable":true,"href":"https:\/\/www.enw-ltd.net\/index.php\/wp-json\/wp\/v2\/users\/1"}],"replies":[{"embeddable":true,"href":"https:\/\/www.enw-ltd.net\/index.php\/wp-json\/wp\/v2\/comments?post=37"}],"version-history":[{"count":4,"href":"https:\/\/www.enw-ltd.net\/index.php\/wp-json\/wp\/v2\/pages\/37\/revisions"}],"predecessor-version":[{"id":875,"href":"https:\/\/www.enw-ltd.net\/index.php\/wp-json\/wp\/v2\/pages\/37\/revisions\/875"}],"wp:attachment":[{"href":"https:\/\/www.enw-ltd.net\/index.php\/wp-json\/wp\/v2\/media?parent=37"}],"curies":[{"name":"wp","href":"https:\/\/api.w.org\/{rel}","templated":true}]}}