{"id":45,"date":"2025-01-13T14:17:06","date_gmt":"2025-01-13T13:17:06","guid":{"rendered":"http:\/\/www.enw-ltd.net\/?page_id=45"},"modified":"2025-02-11T17:24:28","modified_gmt":"2025-02-11T16:24:28","slug":"housing","status":"publish","type":"page","link":"https:\/\/www.enw-ltd.net\/index.php\/housing\/","title":{"rendered":"Housing"},"content":{"rendered":"\n<p><strong>E.N.W. Ltd<\/strong>&nbsp;consente all&#8217;azienda di alloggiare un server all&#8217;interno di un&nbsp;<strong><u>Data Center<\/u><\/strong>&nbsp;e connetterlo ad Internet tramite una linea riservata con prestazioni, affidabilit\u00e0 e sicurezza ai massimi livelli.<br><br><strong>E.N.W. Ltd Housing<\/strong>&nbsp;\u00e8 la soluzione ideale per le aziende che necessitano del massimo controllo di garanzia totale sulla qualit\u00e0 del proprio servizio on-line. Numerosi servizi completano il prodotto offrendo un valore aggiunto quale l&#8217;e;affitto del server, la gestione in outsourcing, la manutenzione e il monitoraggio dei sistemi e dei servizi. I&nbsp;Data Center E.N.W. Ltd&nbsp;sono sale dati progettate specificatamente per gestire servizi on-line di importanza vitale per l&#8217;azienda. Sono quindi predisposti per una connessione ad Internet attraverso linee multiple ad alta capacit\u00e0, sono dotati di gruppi di continuit\u00e0, generatori elettrici e procedure antincendio.<br><br>Le soluzioni Housing di E.N.W. Ltd possono essere offerte anche in versione Secure, ovvero con la possibilit\u00e8 di proteggere i server ospitati nel datacenter di E.N.W. Ltd tramite l&#8217;introduzione di un firewall.<br><br>Caratteristica principale delle soluzioni Housing di E.N.W. Ltd \u00e8 un&#8217;archittetura in grado di garantire&nbsp;<strong>livelli di prestazione, sicurezza ed affidabilit\u00e0 elevatissimi<\/strong>&nbsp;alle applicazioni aziendali ritenute critiche e che necessitano di garanzia totale.<br><br>Servizi addizionali a valore aggiunto, quali il&nbsp;<strong>back-up automatico<\/strong>&nbsp;del server, la gestione sistemistica di base, il monitoraggio del singolo servizio, consentono al Cliente di ridurre le spese mantenendo livelli qualitativi elevatissimi. La&nbsp;rete E.N.W. Ltd&nbsp;\u00e8 progettata e ingegnerizzata secondo standard di qualit\u00e0 e sicurezza notevoli, per fornire servizi di comunicazione importanti e critici che non si limitano al puro trasporto di dati. L&#8217;architettura della rete offre tempi di latenza minimi su tutta la dorsale, ridondanza e ottimizzazione dei percorsi, massima disponibilit\u00e0 ed elevata capacit\u00e0 trasmissiva.<br><br>L&#8217;interconnessione con Internet \u00e8 realizzata tramite pi\u00f9 punti di transito e peering pubblici e privati, per garantire al Cliente le migliori prestazioni e la massima sicurezza verso qualsiasi destinazione, evitando colli di bottiglia e congestioni di rete.<br><br><strong>Caratteristiche:<\/strong><\/p>\n\n\n\n<ul class=\"wp-block-list\">\n<li>Ospitalit\u00e0 del server con connessione ad Internet tramite banda riservata<\/li>\n\n\n\n<li>Ospitalit\u00e0 in un&nbsp;Data Center&nbsp;dotato di climatizzazione, ventilazione, alimentazione controllata, gruppi di continuit\u00e0, interconnessioni multiple ad Internet, misure antincendio, misure di sicurezza<\/li>\n\n\n\n<li>Ampiezza di banda da 64Kbit\/s a 2Mbit\/s<\/li>\n\n\n\n<li>Alloggiamento del server in armadio rack<\/li>\n\n\n\n<li>Assicurazione furto e incendio<\/li>\n\n\n\n<li>Accesso per l&#8217;amministrazione del sistema tramite console<\/li>\n\n\n\n<li>Assegnazione di indirizzi IP<\/li>\n\n\n\n<li>Monitoraggio del server 24&#215;365 a livello OSI 3<\/li>\n<\/ul>\n\n\n\n<p>Servizio di assistenza di primo livello<\/p>\n\n\n\n<p><strong>Per info e preventivi<\/strong>:<\/p>\n\n\n\n<div class=\"wp-block-buttons has-white-background-color has-background is-layout-flex wp-block-buttons-is-layout-flex\">\n<div class=\"wp-block-button\"><a class=\"wp-block-button__link wp-element-button\" href=\"https:\/\/www.enw-ltd.net\/index.php\/contattaci\/\">Contattaci<\/a><\/div>\n<\/div>\n","protected":false},"excerpt":{"rendered":"<p>E.N.W. Ltd&nbsp;consente all&#8217;azienda di alloggiare un server all&#8217;interno di un&nbsp;Data Center&nbsp;e connetterlo ad Internet tramite una linea riservata con prestazioni, affidabilit\u00e0 e sicurezza ai massimi livelli. E.N.W. Ltd Housing&nbsp;\u00e8 la soluzione ideale per le aziende che necessitano del massimo controllo di garanzia totale sulla qualit\u00e0 del proprio servizio on-line. Numerosi servizi completano il prodotto offrendo&hellip; <br \/> <a class=\"read-more\" href=\"https:\/\/www.enw-ltd.net\/index.php\/housing\/\">Leggi tutto<\/a><\/p>\n","protected":false},"author":1,"featured_media":0,"parent":0,"menu_order":0,"comment_status":"closed","ping_status":"closed","template":"","meta":{"ngg_post_thumbnail":0,"footnotes":""},"class_list":["post-45","page","type-page","status-publish","hentry"],"yoast_head":"<!-- This site is optimized with the Yoast SEO plugin v27.0 - https:\/\/yoast.com\/product\/yoast-seo-wordpress\/ -->\n<title>Housing - E.N.W. Ltd<\/title>\n<meta name=\"description\" content=\"E.N.W. Ltd Housing\u00a0\u00e8 la soluzione per le aziende che necessitano il massimo controllo di garanzia sulla qualit\u00e0 del proprio servizio on-line.\" \/>\n<meta name=\"robots\" content=\"index, follow, max-snippet:-1, max-image-preview:large, max-video-preview:-1\" \/>\n<link rel=\"canonical\" href=\"https:\/\/www.enw-ltd.net\/index.php\/housing\/\" \/>\n<meta property=\"og:locale\" content=\"it_IT\" \/>\n<meta property=\"og:type\" content=\"article\" \/>\n<meta property=\"og:title\" content=\"Housing - E.N.W. Ltd\" \/>\n<meta property=\"og:description\" content=\"E.N.W. Ltd Housing\u00a0\u00e8 la soluzione per le aziende che necessitano il massimo controllo di garanzia sulla qualit\u00e0 del proprio servizio on-line.\" \/>\n<meta property=\"og:url\" content=\"https:\/\/www.enw-ltd.net\/index.php\/housing\/\" \/>\n<meta property=\"og:site_name\" content=\"E.N.W. Ltd\" \/>\n<meta property=\"article:publisher\" content=\"https:\/\/www.facebook.com\/groups\/126257133631\" \/>\n<meta property=\"article:modified_time\" content=\"2025-02-11T16:24:28+00:00\" \/>\n<meta name=\"twitter:card\" content=\"summary_large_image\" \/>\n<meta name=\"twitter:label1\" content=\"Tempo di lettura stimato\" \/>\n\t<meta name=\"twitter:data1\" content=\"3 minuti\" \/>\n<script type=\"application\/ld+json\" class=\"yoast-schema-graph\">{\"@context\":\"https:\/\/schema.org\",\"@graph\":[{\"@type\":\"WebPage\",\"@id\":\"https:\/\/www.enw-ltd.net\/index.php\/housing\/\",\"url\":\"https:\/\/www.enw-ltd.net\/index.php\/housing\/\",\"name\":\"Housing - E.N.W. Ltd\",\"isPartOf\":{\"@id\":\"https:\/\/www.enw-ltd.net\/#website\"},\"datePublished\":\"2025-01-13T13:17:06+00:00\",\"dateModified\":\"2025-02-11T16:24:28+00:00\",\"description\":\"E.N.W. Ltd Housing\u00a0\u00e8 la soluzione per le aziende che necessitano il massimo controllo di garanzia sulla qualit\u00e0 del proprio servizio on-line.\",\"breadcrumb\":{\"@id\":\"https:\/\/www.enw-ltd.net\/index.php\/housing\/#breadcrumb\"},\"inLanguage\":\"it-IT\",\"potentialAction\":[{\"@type\":\"ReadAction\",\"target\":[\"https:\/\/www.enw-ltd.net\/index.php\/housing\/\"]}]},{\"@type\":\"BreadcrumbList\",\"@id\":\"https:\/\/www.enw-ltd.net\/index.php\/housing\/#breadcrumb\",\"itemListElement\":[{\"@type\":\"ListItem\",\"position\":1,\"name\":\"Home\",\"item\":\"https:\/\/www.enw-ltd.net\/\"},{\"@type\":\"ListItem\",\"position\":2,\"name\":\"Housing\"}]},{\"@type\":\"WebSite\",\"@id\":\"https:\/\/www.enw-ltd.net\/#website\",\"url\":\"https:\/\/www.enw-ltd.net\/\",\"name\":\"www.enw-ltd.net\",\"description\":\"Aspire, Build, Achieve\",\"publisher\":{\"@id\":\"https:\/\/www.enw-ltd.net\/#organization\"},\"potentialAction\":[{\"@type\":\"SearchAction\",\"target\":{\"@type\":\"EntryPoint\",\"urlTemplate\":\"https:\/\/www.enw-ltd.net\/?s={search_term_string}\"},\"query-input\":{\"@type\":\"PropertyValueSpecification\",\"valueRequired\":true,\"valueName\":\"search_term_string\"}}],\"inLanguage\":\"it-IT\"},{\"@type\":\"Organization\",\"@id\":\"https:\/\/www.enw-ltd.net\/#organization\",\"name\":\"E.N.W. Ltd\",\"url\":\"https:\/\/www.enw-ltd.net\/\",\"logo\":{\"@type\":\"ImageObject\",\"inLanguage\":\"it-IT\",\"@id\":\"https:\/\/www.enw-ltd.net\/#\/schema\/logo\/image\/\",\"url\":\"https:\/\/www.enw-ltd.net\/wp-content\/uploads\/2025\/01\/logo-ENW-bianco.png\",\"contentUrl\":\"https:\/\/www.enw-ltd.net\/wp-content\/uploads\/2025\/01\/logo-ENW-bianco.png\",\"width\":992,\"height\":974,\"caption\":\"E.N.W. Ltd\"},\"image\":{\"@id\":\"https:\/\/www.enw-ltd.net\/#\/schema\/logo\/image\/\"},\"sameAs\":[\"https:\/\/www.facebook.com\/groups\/126257133631\"]}]}<\/script>\n<!-- \/ Yoast SEO plugin. -->","yoast_head_json":{"title":"Housing - E.N.W. Ltd","description":"E.N.W. Ltd Housing\u00a0\u00e8 la soluzione per le aziende che necessitano il massimo controllo di garanzia sulla qualit\u00e0 del proprio servizio on-line.","robots":{"index":"index","follow":"follow","max-snippet":"max-snippet:-1","max-image-preview":"max-image-preview:large","max-video-preview":"max-video-preview:-1"},"canonical":"https:\/\/www.enw-ltd.net\/index.php\/housing\/","og_locale":"it_IT","og_type":"article","og_title":"Housing - E.N.W. Ltd","og_description":"E.N.W. Ltd Housing\u00a0\u00e8 la soluzione per le aziende che necessitano il massimo controllo di garanzia sulla qualit\u00e0 del proprio servizio on-line.","og_url":"https:\/\/www.enw-ltd.net\/index.php\/housing\/","og_site_name":"E.N.W. Ltd","article_publisher":"https:\/\/www.facebook.com\/groups\/126257133631","article_modified_time":"2025-02-11T16:24:28+00:00","twitter_card":"summary_large_image","twitter_misc":{"Tempo di lettura stimato":"3 minuti"},"schema":{"@context":"https:\/\/schema.org","@graph":[{"@type":"WebPage","@id":"https:\/\/www.enw-ltd.net\/index.php\/housing\/","url":"https:\/\/www.enw-ltd.net\/index.php\/housing\/","name":"Housing - E.N.W. Ltd","isPartOf":{"@id":"https:\/\/www.enw-ltd.net\/#website"},"datePublished":"2025-01-13T13:17:06+00:00","dateModified":"2025-02-11T16:24:28+00:00","description":"E.N.W. Ltd Housing\u00a0\u00e8 la soluzione per le aziende che necessitano il massimo controllo di garanzia sulla qualit\u00e0 del proprio servizio on-line.","breadcrumb":{"@id":"https:\/\/www.enw-ltd.net\/index.php\/housing\/#breadcrumb"},"inLanguage":"it-IT","potentialAction":[{"@type":"ReadAction","target":["https:\/\/www.enw-ltd.net\/index.php\/housing\/"]}]},{"@type":"BreadcrumbList","@id":"https:\/\/www.enw-ltd.net\/index.php\/housing\/#breadcrumb","itemListElement":[{"@type":"ListItem","position":1,"name":"Home","item":"https:\/\/www.enw-ltd.net\/"},{"@type":"ListItem","position":2,"name":"Housing"}]},{"@type":"WebSite","@id":"https:\/\/www.enw-ltd.net\/#website","url":"https:\/\/www.enw-ltd.net\/","name":"www.enw-ltd.net","description":"Aspire, Build, Achieve","publisher":{"@id":"https:\/\/www.enw-ltd.net\/#organization"},"potentialAction":[{"@type":"SearchAction","target":{"@type":"EntryPoint","urlTemplate":"https:\/\/www.enw-ltd.net\/?s={search_term_string}"},"query-input":{"@type":"PropertyValueSpecification","valueRequired":true,"valueName":"search_term_string"}}],"inLanguage":"it-IT"},{"@type":"Organization","@id":"https:\/\/www.enw-ltd.net\/#organization","name":"E.N.W. Ltd","url":"https:\/\/www.enw-ltd.net\/","logo":{"@type":"ImageObject","inLanguage":"it-IT","@id":"https:\/\/www.enw-ltd.net\/#\/schema\/logo\/image\/","url":"https:\/\/www.enw-ltd.net\/wp-content\/uploads\/2025\/01\/logo-ENW-bianco.png","contentUrl":"https:\/\/www.enw-ltd.net\/wp-content\/uploads\/2025\/01\/logo-ENW-bianco.png","width":992,"height":974,"caption":"E.N.W. Ltd"},"image":{"@id":"https:\/\/www.enw-ltd.net\/#\/schema\/logo\/image\/"},"sameAs":["https:\/\/www.facebook.com\/groups\/126257133631"]}]}},"jetpack_sharing_enabled":true,"_links":{"self":[{"href":"https:\/\/www.enw-ltd.net\/index.php\/wp-json\/wp\/v2\/pages\/45","targetHints":{"allow":["GET"]}}],"collection":[{"href":"https:\/\/www.enw-ltd.net\/index.php\/wp-json\/wp\/v2\/pages"}],"about":[{"href":"https:\/\/www.enw-ltd.net\/index.php\/wp-json\/wp\/v2\/types\/page"}],"author":[{"embeddable":true,"href":"https:\/\/www.enw-ltd.net\/index.php\/wp-json\/wp\/v2\/users\/1"}],"replies":[{"embeddable":true,"href":"https:\/\/www.enw-ltd.net\/index.php\/wp-json\/wp\/v2\/comments?post=45"}],"version-history":[{"count":3,"href":"https:\/\/www.enw-ltd.net\/index.php\/wp-json\/wp\/v2\/pages\/45\/revisions"}],"predecessor-version":[{"id":912,"href":"https:\/\/www.enw-ltd.net\/index.php\/wp-json\/wp\/v2\/pages\/45\/revisions\/912"}],"wp:attachment":[{"href":"https:\/\/www.enw-ltd.net\/index.php\/wp-json\/wp\/v2\/media?parent=45"}],"curies":[{"name":"wp","href":"https:\/\/api.w.org\/{rel}","templated":true}]}}